{"id":3291,"date":"2025-11-12T00:01:06","date_gmt":"2025-11-11T23:01:06","guid":{"rendered":"https:\/\/aikido-boitsfort.be\/?page_id=3291"},"modified":"2025-11-12T23:21:22","modified_gmt":"2025-11-12T22:21:22","slug":"quest-ce-que-laikido","status":"publish","type":"page","link":"https:\/\/aikido-boitsfort.be\/?page_id=3291","title":{"rendered":"Qu\u2019est ce que l\u2019A\u00efkido ?"},"content":{"rendered":"\t\t<div data-elementor-type=\"wp-page\" data-elementor-id=\"3291\" class=\"elementor elementor-3291\">\n\t\t\t\t<div class=\"elementor-element elementor-element-c7c4e91 e-flex e-con-boxed e-con e-parent\" data-id=\"c7c4e91\" data-element_type=\"container\">\n\t\t\t\t\t<div class=\"e-con-inner\">\n\t\t\t\t<div class=\"elementor-element elementor-element-a44ac5e elementor-widget elementor-widget-image\" data-id=\"a44ac5e\" data-element_type=\"widget\" data-widget_type=\"image.default\">\n\t\t\t\t<div class=\"elementor-widget-container\">\n\t\t\t<style>\/*! elementor - v3.23.0 - 05-08-2024 *\/\n.elementor-widget-image{text-align:center}.elementor-widget-image a{display:inline-block}.elementor-widget-image a img[src$=\".svg\"]{width:48px}.elementor-widget-image img{vertical-align:middle;display:inline-block}<\/style>\t\t\t\t\t\t\t\t\t\t<img decoding=\"async\" width=\"106\" height=\"300\" src=\"https:\/\/aikido-boitsfort.be\/wp-content\/uploads\/2023\/07\/Logo-Aikido.png\" class=\"attachment-large size-large wp-image-2427\" alt=\"\" \/>\t\t\t\t\t\t\t\t\t\t\t\t\t<\/div>\n\t\t\t\t<\/div>\n\t\t\t\t\t<\/div>\n\t\t\t\t<\/div>\n\t\t<div class=\"elementor-element elementor-element-06fd7f1 e-flex e-con-boxed e-con e-parent\" data-id=\"06fd7f1\" data-element_type=\"container\">\n\t\t\t\t\t<div class=\"e-con-inner\">\n\t\t\t\t<div class=\"elementor-element elementor-element-7268437 elementor-widget elementor-widget-text-editor\" data-id=\"7268437\" data-element_type=\"widget\" data-widget_type=\"text-editor.default\">\n\t\t\t\t<div class=\"elementor-widget-container\">\n\t\t\t<style>\/*! elementor - v3.23.0 - 05-08-2024 *\/\n.elementor-widget-text-editor.elementor-drop-cap-view-stacked .elementor-drop-cap{background-color:#69727d;color:#fff}.elementor-widget-text-editor.elementor-drop-cap-view-framed .elementor-drop-cap{color:#69727d;border:3px solid;background-color:transparent}.elementor-widget-text-editor:not(.elementor-drop-cap-view-default) .elementor-drop-cap{margin-top:8px}.elementor-widget-text-editor:not(.elementor-drop-cap-view-default) .elementor-drop-cap-letter{width:1em;height:1em}.elementor-widget-text-editor .elementor-drop-cap{float:left;text-align:center;line-height:1;font-size:50px}.elementor-widget-text-editor .elementor-drop-cap-letter{display:inline-block}<\/style>\t\t\t\t<p>L\u2019a\u00efkido est un art martial japonais fond\u00e9 par Morihei Ueshiba (1883-1969). Son nom peut se traduire par \u00ab la voie de l\u2019harmonie avec l\u2019\u00e9nergie \u00bb (Ai = harmonie, Ki = \u00e9nergie, Do = voie). Plus qu\u2019une simple m\u00e9thode de d\u00e9fense, l\u2019a\u00efkido est une discipline physique, mentale et spirituelle visant \u00e0 d\u00e9velopper l\u2019\u00e9quilibre int\u00e9rieur et la ma\u00eetrise de soi.<\/p><p>Contrairement \u00e0 d\u2019autres arts martiaux, l\u2019a\u00efkido n\u2019a pas pour but de vaincre un adversaire, mais plut\u00f4t de neutraliser l\u2019agression sans violence. Par des mouvements circulaires, des projections et des immobilisations, le pratiquant utilise la force et l\u2019\u00e9nergie de l\u2019attaquant pour les rediriger, plut\u00f4t que de s\u2019y opposer frontalement. Cela fait de l\u2019a\u00efkido un art \u00e0 la fois efficace et non comp\u00e9titif \u2014 il n\u2019existe pas de tournoi ou de combat, mais une recherche personnelle d\u2019harmonie et de progr\u00e8s.<\/p><p>La pratique de l\u2019a\u00efkido d\u00e9veloppe la souplesse, la coordination, la concentration et le respect. Chacun avance \u00e0 son rythme, dans un esprit d\u2019entraide et de bienveillance. Sur le tatami, d\u00e9butants et avanc\u00e9s s\u2019exercent ensemble, apprenant \u00e0 mieux conna\u00eetre leur corps, leur \u00e9nergie et leur relation aux autres.<\/p><p>L\u2019a\u00efkido se pratique avec un keikogi (v\u00eatement blanc) et, \u00e0 partir d\u2019un certain niveau, avec un hakama (pantalon traditionnel noir ou bleu marine). L\u2019entra\u00eenement inclut \u00e9galement l\u2019\u00e9tude des armes traditionnelles du budo : le bokken (sabre en bois), le jo (b\u00e2ton) et le tanto (couteau).<\/p><p>Plus qu\u2019un art martial, l\u2019a\u00efkido est une voie de paix, une mani\u00e8re d\u2019apprendre \u00e0 vivre en harmonie avec soi-m\u00eame, les autres et le monde qui nous entoure.<\/p>\t\t\t\t\t\t<\/div>\n\t\t\t\t<\/div>\n\t\t\t\t\t<\/div>\n\t\t\t\t<\/div>\n\t\t\t\t<\/div>\n\t\t","protected":false},"excerpt":{"rendered":"<p>L\u2019a\u00efkido est un art martial japonais fond\u00e9 par Morihei Ueshiba (1883-1969). Son nom peut se traduire par \u00ab la voie de l\u2019harmonie avec l\u2019\u00e9nergie \u00bb (Ai = harmonie, Ki = \u00e9nergie, Do = voie). Plus qu\u2019une simple m\u00e9thode de d\u00e9fense, l\u2019a\u00efkido est une discipline physique, mentale et spirituelle visant \u00e0 d\u00e9velopper l\u2019\u00e9quilibre int\u00e9rieur et la [&hellip;]<\/p>\n","protected":false},"author":1,"featured_media":0,"parent":0,"menu_order":0,"comment_status":"closed","ping_status":"closed","template":"","meta":{"footnotes":""},"class_list":["post-3291","page","type-page","status-publish","hentry"],"yoast_head":"<!-- This site is optimized with the Yoast SEO plugin v25.7 - https:\/\/yoast.com\/wordpress\/plugins\/seo\/ -->\n<title>Qu\u2019est ce que l\u2019A\u00efkido ? - A\u00efkido Shin Gi Tai Watermael-Boitsfort<\/title>\n<meta name=\"robots\" content=\"index, follow, max-snippet:-1, max-image-preview:large, max-video-preview:-1\" \/>\n<link rel=\"canonical\" href=\"https:\/\/aikido-boitsfort.be\/?page_id=3291\" \/>\n<meta property=\"og:locale\" content=\"fr_FR\" \/>\n<meta property=\"og:type\" content=\"article\" \/>\n<meta property=\"og:title\" content=\"Qu\u2019est ce que l\u2019A\u00efkido ? - A\u00efkido Shin Gi Tai Watermael-Boitsfort\" \/>\n<meta property=\"og:description\" content=\"L\u2019a\u00efkido est un art martial japonais fond\u00e9 par Morihei Ueshiba (1883-1969). Son nom peut se traduire par \u00ab la voie de l\u2019harmonie avec l\u2019\u00e9nergie \u00bb (Ai = harmonie, Ki = \u00e9nergie, Do = voie). Plus qu\u2019une simple m\u00e9thode de d\u00e9fense, l\u2019a\u00efkido est une discipline physique, mentale et spirituelle visant \u00e0 d\u00e9velopper l\u2019\u00e9quilibre int\u00e9rieur et la [&hellip;]\" \/>\n<meta property=\"og:url\" content=\"https:\/\/aikido-boitsfort.be\/?page_id=3291\" \/>\n<meta property=\"og:site_name\" content=\"A\u00efkido Shin Gi Tai Watermael-Boitsfort\" \/>\n<meta property=\"article:modified_time\" content=\"2025-11-12T22:21:22+00:00\" \/>\n<meta property=\"og:image\" content=\"https:\/\/aikido-boitsfort.be\/wp-content\/uploads\/2023\/07\/Logo-Aikido.png\" \/>\n\t<meta property=\"og:image:width\" content=\"106\" \/>\n\t<meta property=\"og:image:height\" content=\"300\" \/>\n\t<meta property=\"og:image:type\" content=\"image\/png\" \/>\n<meta name=\"twitter:card\" content=\"summary_large_image\" \/>\n<meta name=\"twitter:label1\" content=\"Dur\u00e9e de lecture estim\u00e9e\" \/>\n\t<meta name=\"twitter:data1\" content=\"2 minutes\" \/>\n<script type=\"application\/ld+json\" class=\"yoast-schema-graph\">{\"@context\":\"https:\/\/schema.org\",\"@graph\":[{\"@type\":\"WebPage\",\"@id\":\"https:\/\/aikido-boitsfort.be\/?page_id=3291\",\"url\":\"https:\/\/aikido-boitsfort.be\/?page_id=3291\",\"name\":\"Qu\u2019est ce que l\u2019A\u00efkido ? - A\u00efkido Shin Gi Tai Watermael-Boitsfort\",\"isPartOf\":{\"@id\":\"https:\/\/aikido-boitsfort.be\/#website\"},\"primaryImageOfPage\":{\"@id\":\"https:\/\/aikido-boitsfort.be\/?page_id=3291#primaryimage\"},\"image\":{\"@id\":\"https:\/\/aikido-boitsfort.be\/?page_id=3291#primaryimage\"},\"thumbnailUrl\":\"https:\/\/aikido-boitsfort.be\/wp-content\/uploads\/2023\/07\/Logo-Aikido.png\",\"datePublished\":\"2025-11-11T23:01:06+00:00\",\"dateModified\":\"2025-11-12T22:21:22+00:00\",\"breadcrumb\":{\"@id\":\"https:\/\/aikido-boitsfort.be\/?page_id=3291#breadcrumb\"},\"inLanguage\":\"fr-FR\",\"potentialAction\":[{\"@type\":\"ReadAction\",\"target\":[\"https:\/\/aikido-boitsfort.be\/?page_id=3291\"]}]},{\"@type\":\"ImageObject\",\"inLanguage\":\"fr-FR\",\"@id\":\"https:\/\/aikido-boitsfort.be\/?page_id=3291#primaryimage\",\"url\":\"https:\/\/aikido-boitsfort.be\/wp-content\/uploads\/2023\/07\/Logo-Aikido.png\",\"contentUrl\":\"https:\/\/aikido-boitsfort.be\/wp-content\/uploads\/2023\/07\/Logo-Aikido.png\",\"width\":106,\"height\":300},{\"@type\":\"BreadcrumbList\",\"@id\":\"https:\/\/aikido-boitsfort.be\/?page_id=3291#breadcrumb\",\"itemListElement\":[{\"@type\":\"ListItem\",\"position\":1,\"name\":\"Accueil\",\"item\":\"https:\/\/aikido-boitsfort.be\/\"},{\"@type\":\"ListItem\",\"position\":2,\"name\":\"Qu\u2019est ce que l\u2019A\u00efkido ?\"}]},{\"@type\":\"WebSite\",\"@id\":\"https:\/\/aikido-boitsfort.be\/#website\",\"url\":\"https:\/\/aikido-boitsfort.be\/\",\"name\":\"A\u00efkido Shin Gi Tai Watermael-Boitsfort\",\"description\":\"A\u00efkido Shin Gi Tai Watermael-Boitsfort\",\"publisher\":{\"@id\":\"https:\/\/aikido-boitsfort.be\/#organization\"},\"potentialAction\":[{\"@type\":\"SearchAction\",\"target\":{\"@type\":\"EntryPoint\",\"urlTemplate\":\"https:\/\/aikido-boitsfort.be\/?s={search_term_string}\"},\"query-input\":{\"@type\":\"PropertyValueSpecification\",\"valueRequired\":true,\"valueName\":\"search_term_string\"}}],\"inLanguage\":\"fr-FR\"},{\"@type\":\"Organization\",\"@id\":\"https:\/\/aikido-boitsfort.be\/#organization\",\"name\":\"A\u00efkido Shin Gi Tai Watermael-Boitsfort\",\"url\":\"https:\/\/aikido-boitsfort.be\/\",\"logo\":{\"@type\":\"ImageObject\",\"inLanguage\":\"fr-FR\",\"@id\":\"https:\/\/aikido-boitsfort.be\/#\/schema\/logo\/image\/\",\"url\":\"https:\/\/aikido-boitsfort.be\/wp-content\/uploads\/2023\/12\/LOGO-site.png\",\"contentUrl\":\"https:\/\/aikido-boitsfort.be\/wp-content\/uploads\/2023\/12\/LOGO-site.png\",\"width\":726,\"height\":723,\"caption\":\"A\u00efkido Shin Gi Tai Watermael-Boitsfort\"},\"image\":{\"@id\":\"https:\/\/aikido-boitsfort.be\/#\/schema\/logo\/image\/\"}}]}<\/script>\n<!-- \/ Yoast SEO plugin. -->","yoast_head_json":{"title":"Qu\u2019est ce que l\u2019A\u00efkido ? - A\u00efkido Shin Gi Tai Watermael-Boitsfort","robots":{"index":"index","follow":"follow","max-snippet":"max-snippet:-1","max-image-preview":"max-image-preview:large","max-video-preview":"max-video-preview:-1"},"canonical":"https:\/\/aikido-boitsfort.be\/?page_id=3291","og_locale":"fr_FR","og_type":"article","og_title":"Qu\u2019est ce que l\u2019A\u00efkido ? - A\u00efkido Shin Gi Tai Watermael-Boitsfort","og_description":"L\u2019a\u00efkido est un art martial japonais fond\u00e9 par Morihei Ueshiba (1883-1969). Son nom peut se traduire par \u00ab la voie de l\u2019harmonie avec l\u2019\u00e9nergie \u00bb (Ai = harmonie, Ki = \u00e9nergie, Do = voie). Plus qu\u2019une simple m\u00e9thode de d\u00e9fense, l\u2019a\u00efkido est une discipline physique, mentale et spirituelle visant \u00e0 d\u00e9velopper l\u2019\u00e9quilibre int\u00e9rieur et la [&hellip;]","og_url":"https:\/\/aikido-boitsfort.be\/?page_id=3291","og_site_name":"A\u00efkido Shin Gi Tai Watermael-Boitsfort","article_modified_time":"2025-11-12T22:21:22+00:00","og_image":[{"width":106,"height":300,"url":"https:\/\/aikido-boitsfort.be\/wp-content\/uploads\/2023\/07\/Logo-Aikido.png","type":"image\/png"}],"twitter_card":"summary_large_image","twitter_misc":{"Dur\u00e9e de lecture estim\u00e9e":"2 minutes"},"schema":{"@context":"https:\/\/schema.org","@graph":[{"@type":"WebPage","@id":"https:\/\/aikido-boitsfort.be\/?page_id=3291","url":"https:\/\/aikido-boitsfort.be\/?page_id=3291","name":"Qu\u2019est ce que l\u2019A\u00efkido ? - A\u00efkido Shin Gi Tai Watermael-Boitsfort","isPartOf":{"@id":"https:\/\/aikido-boitsfort.be\/#website"},"primaryImageOfPage":{"@id":"https:\/\/aikido-boitsfort.be\/?page_id=3291#primaryimage"},"image":{"@id":"https:\/\/aikido-boitsfort.be\/?page_id=3291#primaryimage"},"thumbnailUrl":"https:\/\/aikido-boitsfort.be\/wp-content\/uploads\/2023\/07\/Logo-Aikido.png","datePublished":"2025-11-11T23:01:06+00:00","dateModified":"2025-11-12T22:21:22+00:00","breadcrumb":{"@id":"https:\/\/aikido-boitsfort.be\/?page_id=3291#breadcrumb"},"inLanguage":"fr-FR","potentialAction":[{"@type":"ReadAction","target":["https:\/\/aikido-boitsfort.be\/?page_id=3291"]}]},{"@type":"ImageObject","inLanguage":"fr-FR","@id":"https:\/\/aikido-boitsfort.be\/?page_id=3291#primaryimage","url":"https:\/\/aikido-boitsfort.be\/wp-content\/uploads\/2023\/07\/Logo-Aikido.png","contentUrl":"https:\/\/aikido-boitsfort.be\/wp-content\/uploads\/2023\/07\/Logo-Aikido.png","width":106,"height":300},{"@type":"BreadcrumbList","@id":"https:\/\/aikido-boitsfort.be\/?page_id=3291#breadcrumb","itemListElement":[{"@type":"ListItem","position":1,"name":"Accueil","item":"https:\/\/aikido-boitsfort.be\/"},{"@type":"ListItem","position":2,"name":"Qu\u2019est ce que l\u2019A\u00efkido ?"}]},{"@type":"WebSite","@id":"https:\/\/aikido-boitsfort.be\/#website","url":"https:\/\/aikido-boitsfort.be\/","name":"A\u00efkido Shin Gi Tai Watermael-Boitsfort","description":"A\u00efkido Shin Gi Tai Watermael-Boitsfort","publisher":{"@id":"https:\/\/aikido-boitsfort.be\/#organization"},"potentialAction":[{"@type":"SearchAction","target":{"@type":"EntryPoint","urlTemplate":"https:\/\/aikido-boitsfort.be\/?s={search_term_string}"},"query-input":{"@type":"PropertyValueSpecification","valueRequired":true,"valueName":"search_term_string"}}],"inLanguage":"fr-FR"},{"@type":"Organization","@id":"https:\/\/aikido-boitsfort.be\/#organization","name":"A\u00efkido Shin Gi Tai Watermael-Boitsfort","url":"https:\/\/aikido-boitsfort.be\/","logo":{"@type":"ImageObject","inLanguage":"fr-FR","@id":"https:\/\/aikido-boitsfort.be\/#\/schema\/logo\/image\/","url":"https:\/\/aikido-boitsfort.be\/wp-content\/uploads\/2023\/12\/LOGO-site.png","contentUrl":"https:\/\/aikido-boitsfort.be\/wp-content\/uploads\/2023\/12\/LOGO-site.png","width":726,"height":723,"caption":"A\u00efkido Shin Gi Tai Watermael-Boitsfort"},"image":{"@id":"https:\/\/aikido-boitsfort.be\/#\/schema\/logo\/image\/"}}]}},"_links":{"self":[{"href":"https:\/\/aikido-boitsfort.be\/index.php?rest_route=\/wp\/v2\/pages\/3291","targetHints":{"allow":["GET"]}}],"collection":[{"href":"https:\/\/aikido-boitsfort.be\/index.php?rest_route=\/wp\/v2\/pages"}],"about":[{"href":"https:\/\/aikido-boitsfort.be\/index.php?rest_route=\/wp\/v2\/types\/page"}],"author":[{"embeddable":true,"href":"https:\/\/aikido-boitsfort.be\/index.php?rest_route=\/wp\/v2\/users\/1"}],"replies":[{"embeddable":true,"href":"https:\/\/aikido-boitsfort.be\/index.php?rest_route=%2Fwp%2Fv2%2Fcomments&post=3291"}],"version-history":[{"count":8,"href":"https:\/\/aikido-boitsfort.be\/index.php?rest_route=\/wp\/v2\/pages\/3291\/revisions"}],"predecessor-version":[{"id":3353,"href":"https:\/\/aikido-boitsfort.be\/index.php?rest_route=\/wp\/v2\/pages\/3291\/revisions\/3353"}],"wp:attachment":[{"href":"https:\/\/aikido-boitsfort.be\/index.php?rest_route=%2Fwp%2Fv2%2Fmedia&parent=3291"}],"curies":[{"name":"wp","href":"https:\/\/api.w.org\/{rel}","templated":true}]}}